{"id":1862,"date":"2026-03-09T20:49:38","date_gmt":"2026-03-09T19:49:38","guid":{"rendered":"https:\/\/lgd-garwolin.pl\/?page_id=1862"},"modified":"2026-03-17T19:22:07","modified_gmt":"2026-03-17T18:22:07","slug":"rodo","status":"publish","type":"page","link":"https:\/\/lgd-garwolin.pl\/index.php\/rodo\/","title":{"rendered":"RODO"},"content":{"rendered":"\t\t<div data-elementor-type=\"wp-page\" data-elementor-id=\"1862\" class=\"elementor elementor-1862\">\n\t\t\t\t<div class=\"elementor-element elementor-element-27eed27 e-flex e-con-boxed e-con e-parent\" data-id=\"27eed27\" data-element_type=\"container\" data-e-type=\"container\">\n\t\t\t\t\t<div class=\"e-con-inner\">\n\t\t\t\t<div class=\"elementor-element elementor-element-b94fc20 elementor-widget elementor-widget-text-editor\" data-id=\"b94fc20\" data-element_type=\"widget\" data-e-type=\"widget\" data-widget_type=\"text-editor.default\">\n\t\t\t\t<div class=\"elementor-widget-container\">\n\t\t\t\t\t\t\t\t\t<p><span style=\"color: #000000;\"><b>Administrator Danych Osobowych<\/b><\/span><\/p><p><span style=\"color: #000000;\">Administratorem Danych Osobowych w rozumieniu ustawy z dnia 10 maja 2018r. o ochronie danych osobowych (tj. Dz. U. z 219 , poz. 1781) jest LGD Forum Powiatu Garwoli\u0144skiego, Aleja Legion\u00f3w 48, 08-400 Garwolin<\/span><\/p><div class=\"postcontent clearfix\"><div class=\"article\"><p><span style=\"color: #000000;\"><b>Cel zbierania danych osobowych<\/b><\/span><\/p><p><span style=\"color: #000000;\">Dane osobowe b\u0119d\u0105 przetwarzane przez administratora danych w celu udzielenia wsparcia i obs\u0142ugi inicjatywy LEADER Programu Rozwoju Obszar\u00f3w Wiejskich na lata 2014-2020; PS WPR 2023-2027 oraz innych program\u00f3w\/ projekt\u00f3w przyczyniaj\u0105cych si\u0119 do realizacji zada\u0144 statutowych oraz realizacji Lokalnej Strategii Rozwoju LGD Forum Powiatu Garwoli\u0144skiego.<\/span><\/p><p><span style=\"color: #000000;\"><b>Prawo dost\u0119pu i kontroli<\/b><\/span><\/p><p><span style=\"color: #000000;\">LGD Forum Powiatu Garwoli\u0144skiego informuje, \u017ce ka\u017cda osoba, kt\u00f3ra wyrazi\u0142a zgod\u0119 na przetwarzanie danych osobowych ma prawo dost\u0119pu do ich tre\u015bci oraz ich poprawiania. W celu zmodyfikowania danych prosimy o przes\u0142anie stosownej informacji na adres e-mail: <a style=\"color: #000000;\" href=\"mailto:lgd.forum.pg@wp.pl\">lgd.forum.pg@wp.pl<\/a>.<\/span><\/p><p><span style=\"color: #000000;\"><b>Przekazywanie danych<\/b><\/span><\/p><p><span style=\"color: #000000;\">Dane osobowe mog\u0105 by\u0107 udost\u0119pniane podmiotom wsp\u00f3\u0142pracuj\u0105cym jak i uprawnionym organom (np. Urz\u0105d Marsza\u0142kowski Wojew\u00f3dztwa Mazowieckiego, Agencja Restrukturyzacji i Modernizacji Rolnictwa)<\/span><\/p><p><span style=\"color: #000000;\"><b>Podanie danych osobowych<\/b><\/span><\/p><p><span style=\"color: #000000;\">LGD Forum Powiatu Garwoli\u0144skiego informuje, \u017ce podanie danych osobowych ma charakter dobrowolny, aczkolwiek odmowa ich podania jest r\u00f3wnoznaczna z brakiem mo\u017cliwo\u015bci udzielenie wsparcia w ramach inicjatywy LEADER Programu Rozwoju Obszar\u00f3w Wiejskich oraz innych program\u00f3w\/ projekt\u00f3w przyczyniaj\u0105cych si\u0119 do realizacji zada\u0144 statutowych oraz realizacji Lokalnej Strategii Rozwoju LGD Forum Powiatu Garwoli\u0144skiego.<\/span><\/p><\/div><\/div>\t\t\t\t\t\t\t\t<\/div>\n\t\t\t\t<\/div>\n\t\t\t\t<div class=\"elementor-element elementor-element-04124d7 elementor-widget elementor-widget-button\" data-id=\"04124d7\" data-element_type=\"widget\" data-e-type=\"widget\" data-widget_type=\"button.default\">\n\t\t\t\t<div class=\"elementor-widget-container\">\n\t\t\t\t\t\t\t\t\t<div class=\"elementor-button-wrapper\">\n\t\t\t\t\t<a class=\"elementor-button elementor-button-link elementor-size-sm\" href=\"https:\/\/lgd-garwolin.pl\/wp-content\/uploads\/2026\/03\/kaluzula-informacyjna-RODO.pdf\">\n\t\t\t\t\t\t<span class=\"elementor-button-content-wrapper\">\n\t\t\t\t\t\t<span class=\"elementor-button-icon\">\n\t\t\t\t<svg aria-hidden=\"true\" class=\"e-font-icon-svg e-fas-file-pdf\" viewBox=\"0 0 384 512\" xmlns=\"http:\/\/www.w3.org\/2000\/svg\"><path d=\"M181.9 256.1c-5-16-4.9-46.9-2-46.9 8.4 0 7.6 36.9 2 46.9zm-1.7 47.2c-7.7 20.2-17.3 43.3-28.4 62.7 18.3-7 39-17.2 62.9-21.9-12.7-9.6-24.9-23.4-34.5-40.8zM86.1 428.1c0 .8 13.2-5.4 34.9-40.2-6.7 6.3-29.1 24.5-34.9 40.2zM248 160h136v328c0 13.3-10.7 24-24 24H24c-13.3 0-24-10.7-24-24V24C0 10.7 10.7 0 24 0h200v136c0 13.2 10.8 24 24 24zm-8 171.8c-20-12.2-33.3-29-42.7-53.8 4.5-18.5 11.6-46.6 6.2-64.2-4.7-29.4-42.4-26.5-47.8-6.8-5 18.3-.4 44.1 8.1 77-11.6 27.6-28.7 64.6-40.8 85.8-.1 0-.1.1-.2.1-27.1 13.9-73.6 44.5-54.5 68 5.6 6.9 16 10 21.5 10 17.9 0 35.7-18 61.1-61.8 25.8-8.5 54.1-19.1 79-23.2 21.7 11.8 47.1 19.5 64 19.5 29.2 0 31.2-32 19.7-43.4-13.9-13.6-54.3-9.7-73.6-7.2zM377 105L279 7c-4.5-4.5-10.6-7-17-7h-6v128h128v-6.1c0-6.3-2.5-12.4-7-16.9zm-74.1 255.3c4.1-2.7-2.5-11.9-42.8-9 37.1 15.8 42.8 9 42.8 9z\"><\/path><\/svg>\t\t\t<\/span>\n\t\t\t\t\t\t\t\t\t<span class=\"elementor-button-text\">RODO Klauzula informacyjna<\/span>\n\t\t\t\t\t<\/span>\n\t\t\t\t\t<\/a>\n\t\t\t\t<\/div>\n\t\t\t\t\t\t\t\t<\/div>\n\t\t\t\t<\/div>\n\t\t\t\t\t<\/div>\n\t\t\t\t<\/div>\n\t\t\t\t<\/div>\n\t\t","protected":false},"excerpt":{"rendered":"<p>Administrator Danych Osobowych Administratorem Danych Osobowych w rozumieniu ustawy z dnia 10 maja 2018r. o ochronie danych osobowych (tj. Dz. U. z 219 , poz. 1781) jest LGD Forum Powiatu Garwoli\u0144skiego, Aleja Legion\u00f3w 48, 08-400 Garwolin Cel zbierania danych osobowych Dane osobowe b\u0119d\u0105 przetwarzane przez administratora danych w celu udzielenia wsparcia i obs\u0142ugi inicjatywy LEADER [&hellip;]<\/p>\n","protected":false},"author":1,"featured_media":0,"parent":0,"menu_order":0,"comment_status":"closed","ping_status":"closed","template":"","meta":{"ngg_post_thumbnail":0,"footnotes":""},"class_list":["post-1862","page","type-page","status-publish","hentry"],"jetpack_sharing_enabled":true,"_links":{"self":[{"href":"https:\/\/lgd-garwolin.pl\/index.php\/wp-json\/wp\/v2\/pages\/1862","targetHints":{"allow":["GET"]}}],"collection":[{"href":"https:\/\/lgd-garwolin.pl\/index.php\/wp-json\/wp\/v2\/pages"}],"about":[{"href":"https:\/\/lgd-garwolin.pl\/index.php\/wp-json\/wp\/v2\/types\/page"}],"author":[{"embeddable":true,"href":"https:\/\/lgd-garwolin.pl\/index.php\/wp-json\/wp\/v2\/users\/1"}],"replies":[{"embeddable":true,"href":"https:\/\/lgd-garwolin.pl\/index.php\/wp-json\/wp\/v2\/comments?post=1862"}],"version-history":[{"count":6,"href":"https:\/\/lgd-garwolin.pl\/index.php\/wp-json\/wp\/v2\/pages\/1862\/revisions"}],"predecessor-version":[{"id":1893,"href":"https:\/\/lgd-garwolin.pl\/index.php\/wp-json\/wp\/v2\/pages\/1862\/revisions\/1893"}],"wp:attachment":[{"href":"https:\/\/lgd-garwolin.pl\/index.php\/wp-json\/wp\/v2\/media?parent=1862"}],"curies":[{"name":"wp","href":"https:\/\/api.w.org\/{rel}","templated":true}]}}