{"id":158,"date":"2025-03-04T16:08:31","date_gmt":"2025-03-04T15:08:31","guid":{"rendered":"https:\/\/kompam.webd.pl\/strony\/lgd-garwolin.pl\/?page_id=158"},"modified":"2025-04-06T19:30:32","modified_gmt":"2025-04-06T17:30:32","slug":"ksiega-wizualizacji","status":"publish","type":"page","link":"https:\/\/lgd-garwolin.pl\/index.php\/ksiega-wizualizacji\/","title":{"rendered":"Ksi\u0119ga wizualizacji"},"content":{"rendered":"\t\t<div data-elementor-type=\"wp-page\" data-elementor-id=\"158\" class=\"elementor elementor-158\">\n\t\t\t\t<div class=\"elementor-element elementor-element-33052e1 e-flex e-con-boxed e-con e-parent\" data-id=\"33052e1\" data-element_type=\"container\" data-e-type=\"container\">\n\t\t\t\t\t<div class=\"e-con-inner\">\n\t\t\t\t<div class=\"elementor-element elementor-element-d784d26 elementor-widget elementor-widget-text-editor\" data-id=\"d784d26\" data-element_type=\"widget\" data-e-type=\"widget\" data-widget_type=\"text-editor.default\">\n\t\t\t\t<div class=\"elementor-widget-container\">\n\t\t\t\t\t\t\t\t\t<p>Zgodnie z Rozporz\u0105dzeniem Wykonawczym\u00a0Komisji (UE) 2022\/129 z dnia 21 grudnia 2021 r. beneficjenci interwencji finansowanych z EFRROW potwierdzaj\u0105 otrzymanie wsparcia z PS WPR 2023-2027 poprzez odpowiednie oznaczenie miejsca realizacji: tablice, plakaty, informacje w internecie.<\/p>\n<p><!-- \/wp:paragraph --><!-- wp:paragraph --><\/p>\n<p>Ksi\u0119ga Wizualizacji logo PS WPR 2023-2027 jest opracowaniem zbieraj\u0105cym wszystkie obowi\u0105zki beneficjent\u00f3w wraz z graficznymi przyk\u0142adami.<\/p>\n<p><!-- \/wp:paragraph --><!-- wp:paragraph --><\/p>\n<p>Aktualne dokumenty zwi\u0105zane z projektami realizowanymi przez Beneficjenta dost\u0119pne s\u0105 na poni\u017cszej stronie.<\/p>\n<p><!-- \/wp:paragraph --><\/p>\t\t\t\t\t\t\t\t<\/div>\n\t\t\t\t<\/div>\n\t\t\t\t\t<\/div>\n\t\t\t\t<\/div>\n\t\t<div class=\"elementor-element elementor-element-0a4eab0 e-flex e-con-boxed e-con e-parent\" data-id=\"0a4eab0\" data-element_type=\"container\" data-e-type=\"container\">\n\t\t\t\t\t<div class=\"e-con-inner\">\n\t\t\t\t<div class=\"elementor-element elementor-element-2432664 elementor-button-info elementor-widget elementor-widget-button\" data-id=\"2432664\" data-element_type=\"widget\" data-e-type=\"widget\" data-widget_type=\"button.default\">\n\t\t\t\t<div class=\"elementor-widget-container\">\n\t\t\t\t\t\t\t\t\t<div class=\"elementor-button-wrapper\">\n\t\t\t\t\t<a class=\"elementor-button elementor-button-link elementor-size-sm\" href=\"https:\/\/www.gov.pl\/web\/rolnictwo\/ksiega-wizualizacji\" target=\"_blank\">\n\t\t\t\t\t\t<span class=\"elementor-button-content-wrapper\">\n\t\t\t\t\t\t<span class=\"elementor-button-icon\">\n\t\t\t\t<svg aria-hidden=\"true\" class=\"e-font-icon-svg e-fas-external-link-alt\" viewBox=\"0 0 512 512\" xmlns=\"http:\/\/www.w3.org\/2000\/svg\"><path d=\"M432,320H400a16,16,0,0,0-16,16V448H64V128H208a16,16,0,0,0,16-16V80a16,16,0,0,0-16-16H48A48,48,0,0,0,0,112V464a48,48,0,0,0,48,48H400a48,48,0,0,0,48-48V336A16,16,0,0,0,432,320ZM488,0h-128c-21.37,0-32.05,25.91-17,41l35.73,35.73L135,320.37a24,24,0,0,0,0,34L157.67,377a24,24,0,0,0,34,0L435.28,133.32,471,169c15,15,41,4.5,41-17V24A24,24,0,0,0,488,0Z\"><\/path><\/svg>\t\t\t<\/span>\n\t\t\t\t\t\t\t\t\t<span class=\"elementor-button-text\">Ksi\u0119ga Wizualizacji PS WPR 2023-2027<\/span>\n\t\t\t\t\t<\/span>\n\t\t\t\t\t<\/a>\n\t\t\t\t<\/div>\n\t\t\t\t\t\t\t\t<\/div>\n\t\t\t\t<\/div>\n\t\t\t\t\t<\/div>\n\t\t\t\t<\/div>\n\t\t\t\t<\/div>\n\t\t","protected":false},"excerpt":{"rendered":"<p>Zgodnie z Rozporz\u0105dzeniem Wykonawczym\u00a0Komisji (UE) 2022\/129 z dnia 21 grudnia 2021 r. beneficjenci interwencji finansowanych z EFRROW potwierdzaj\u0105 otrzymanie wsparcia z PS WPR 2023-2027 poprzez odpowiednie oznaczenie miejsca realizacji: tablice, plakaty, informacje w internecie. Ksi\u0119ga Wizualizacji logo PS WPR 2023-2027 jest opracowaniem zbieraj\u0105cym wszystkie obowi\u0105zki beneficjent\u00f3w wraz z graficznymi przyk\u0142adami. Aktualne dokumenty zwi\u0105zane z projektami [&hellip;]<\/p>\n","protected":false},"author":1,"featured_media":0,"parent":0,"menu_order":0,"comment_status":"closed","ping_status":"closed","template":"","meta":{"ngg_post_thumbnail":0,"footnotes":""},"class_list":["post-158","page","type-page","status-publish","hentry"],"jetpack_sharing_enabled":true,"_links":{"self":[{"href":"https:\/\/lgd-garwolin.pl\/index.php\/wp-json\/wp\/v2\/pages\/158","targetHints":{"allow":["GET"]}}],"collection":[{"href":"https:\/\/lgd-garwolin.pl\/index.php\/wp-json\/wp\/v2\/pages"}],"about":[{"href":"https:\/\/lgd-garwolin.pl\/index.php\/wp-json\/wp\/v2\/types\/page"}],"author":[{"embeddable":true,"href":"https:\/\/lgd-garwolin.pl\/index.php\/wp-json\/wp\/v2\/users\/1"}],"replies":[{"embeddable":true,"href":"https:\/\/lgd-garwolin.pl\/index.php\/wp-json\/wp\/v2\/comments?post=158"}],"version-history":[{"count":14,"href":"https:\/\/lgd-garwolin.pl\/index.php\/wp-json\/wp\/v2\/pages\/158\/revisions"}],"predecessor-version":[{"id":796,"href":"https:\/\/lgd-garwolin.pl\/index.php\/wp-json\/wp\/v2\/pages\/158\/revisions\/796"}],"wp:attachment":[{"href":"https:\/\/lgd-garwolin.pl\/index.php\/wp-json\/wp\/v2\/media?parent=158"}],"curies":[{"name":"wp","href":"https:\/\/api.w.org\/{rel}","templated":true}]}}